at is the hundreds digit of 4695?
6
What is the tens digit of 282?
8
What is the tens digit of 1179?
7
What is the ten thousands digit of 21211?
2
What is the hundreds digit of 67846?
8
What is the tens digit of 28594?
9
What is the hundreds digit of 2000?
0
What is the tens digit of 796?
9
What is the thousands digit of 10576?
0
What is the tens digit of 823?
2
What is the tens digit of 2741?
4
What is the units digit of 14887?
7
What is the ten thousands digit of 14527?
1
What is the hundreds digit of 20611?
6
What is the tens digit of 52861?
6
What is the hundreds digit of 33042?
0
What is the units digit of 29673?
3
What is the units digit of 639?
9
What is the thousands digit of 1992?
1
What is the tens digit of 14706?
0
What is the tens digit of 18930?
3
What is the ten thousands digit of 12666?
1
What is the ten thousands digit of 62921?
6
What is the units digit of 61?
1
What is the tens digit of 46812?
1
What is the tens digit of 613?
1
What is the units digit of 3?
3
What is the hundreds digit of 1080?
0
What is the thousands digit of 12276?
2
What is the thousands digit of 10105?
0
What is the units digit of 94?
4
What is the ten thousands digit of 25730?
2
What is the thousands digit of 8598?
8
What is the hundreds digit of 13059?
0
What is the thousands digit of 2543?
2
What is the ten thousands digit of 25351?
2
What is the tens digit of 24920?
2
What is the hundreds digit of 2904?
9
What is the tens digit of 3439?
3
What is the tens digit of 2744?
4
What is the tens digit of 1363?
6
What is the tens digit of 20713?
1
What is the tens digit of 1869?
6
What is the thousands digit of 20827?
0
What is the thousands digit of 61238?
1
What is the thousands digit of 4583?
4
What is the thousands digit of 28353?
8
What is the units digit of 4238?
8
What is the hundreds digit of 12261?
2
What is the hundreds digit of 28443?
4
What is the tens digit of 115497?
9
What is the ten thousands digit of 40894?
4
What is the tens digit of 218?
1
What is the thousands digit of 15391?
5
What is the thousands digit of 9204?
9
What is the hundreds digit of 719?
7
What is the thousands digit of 15193?
5
What is the units digit of 773?
3
What is the thousands digit of 2814?
2
What is the units digit of 4921?
1
What is the units digit of 32262?
2
What is the thousands digit of 191718?
1
What is the thousands digit of 4344?
4
What is the hundreds digit of 15345?
3
What is the tens digit of 676?
7
What is the tens digit of 878?
7
What is the hundreds digit of 5912?
9
What is the units digit of 31544?
4
What is the units digit of 8350?
0
What is the ten thousands digit of 83304?
8
What is the thousands digit of 3267?
3
What is the hundreds digit of 33360?
3
What is the hundreds digit of 651?
6
What is the thousands digit of 101244?
1
What is the tens digit of 212?
1
What is the ten thousands digit of 13269?
1
What is the ten thousands digit of 10691?
1
What is the hundreds digit of 1724?
7
What is the units digit of 283?
3
What is the ten thousands digit of 14939?
1
What is the units digit of 667?
7
What is the hundreds digit of 16319?
3
What is the tens digit of 43638?
3
What is the units digit of 1527?
7
What is the ten thousands digit of 43561?
4
What is the tens digit of 3598?
9
What is the thousands digit of 2683?
2
What is the hundreds digit of 1411?
4
What is the tens digit of 1095?
9
What is the thousands digit of 5039?
5
What is the units digit of 126184?
4
What is the units digit of 105?
5
What is the hundred thousands digit of 106832?
1
What is the tens digit of 545?
4
What is the units digit of 61566?
6
What is the hundreds digit of 893?
8
What is the tens digit of 2750?
5
What is the thousands digit of 42177?
2
What is the units digit of 844?
4
What is the tens digit of 202?
0
What is the thousands digit of 75693?
5
What is the tens digit of 66767?
6
What is the ten thousands digit of 73477?
7
What is the hundreds digit of 243?
2
What is the tens digit of 150?
5
What is the thousands digit of 7633?
7
What is the ten thousands digit of 11690?
1
What is the units digit of 949?
9
What is the ten thousands digit of 13076?
1
What is the hundreds digit of 3406?
4
What is the thousands digit of 71211?
1
What is the tens digit of 15369?
6
What is the units digit of 14273?
3
What is the tens digit of 519?
1
What is the tens digit of 6452?
5
What is the units digit of 5149?
9
What is the tens digit of 9729?
2
What is the thousands digit of 3689?
3
What is the hundreds digit of 9025?
0
What is the hundreds digit of 918?
9
What is the tens digit of 55140?
4
What is the tens digit of 4951?
5
What is the tens digit of 90278?
7
What is the tens digit of 609?
0
What is the hundreds digit of 43627?
6
What is the tens digit of 810?
1
What is the ten thousands digit of 133942?
3
What is the ten thousands digit of 41435?
4
What is the thousands digit of 37444?
7
What is the thousands digit of 6633?
6
What is the units digit of 105354?
4
What is the tens digit of 4050?
5
What is the units digit of 11556?
6
What is the units digit of 4697?
7
What is the tens digit of 7417?
1
What is the hundreds digit of 22749?
7
What is the hundreds digit of 10961?
9
What is the thousands digit of 2947?
2
What is the units digit of 68501?
1
What is the thousands digit of 1320?
1
What is the hundreds digit of 39321?
3
What is the units digit of 797?
7
What is the units digit of 5627?
7
What is the tens digit of 62714?
1
What is the hundreds digit of 5110?
1
What is the hundreds digit of 11025?
0
What is the units digit of 401?
1
What is the thousands digit of 31084?
1
What is the tens digit of 41?
4
What is the tens digit of 17048?
4
What is the units digit of 388?
8
What is the units digit of 5978?
8
What is the tens digit of 887?
8
What is the units digit of 594?
4
What is the hundreds digit of 598?
5
What is the hundreds digit of 733?
7
What is the thousands digit of 7694?
7
What is the tens digit of 1983?
8
What is the thousands digit of 2321?
2
What is the units digit of 5006?
6
What is the units digit of 3569?
9
What is the hundred thousands digit of 209407?
2
What is the units digit of 426?
6
What is the units digit of 7927?
7
What is the units digit of 2843?
3
What is the tens digit of 1853?
5
What is the units digit of 626?
6
What is the tens digit of 31282?
8
What is the units digit of 968?
8
What is the hundreds digit of 1569?
5
What is the tens digit of 78961?
6
What is the hundreds digit of 7090?
0
What is the units digit of 4949?
9
What is the tens digit of 84398?
9
What is the units digit of 1434?
4
What is the hundreds digit of 10546?
5
What is the hundreds digit of 1732?
7
What is the units digit of 13673?
3
What is the hundreds digit of 16532?
5
What is the tens digit of 63415?
1
What is the tens digit of 69286?
8
What is the hundreds digit of 1924?
9
What is the hundreds digit of 8205?
2
What is the thousands digit of 1663?
1
What is the units digit of 6897?
7
What is the hundreds digit of 1574?
5
What is the tens digit of 8728?
2
What is the hundred thousands digit of 151054?
1
What is the hundreds digit of 8656?
6
What is the tens digit of 5802?
0
What is the hundreds digit of 12821?
8
What is the units digit of 23273?
3
What is the thousands digit of 10011?
0
What is the tens digit of 4051?
5
What is the thousands digit of 1434?
1
What is the units digit of 9569?
9
What is the hundreds digit of 33264?
2
What is the units digit of 1765?
5
What is the units digit of 938?
8
What is the hundreds digit of 20547?
5
What is the hundreds digit of 93086?
0
What is the thousands digit of 22124?
2
What is the tens digit of 27294?
9
What is the hundreds digit of 3135?
1
What is the hundreds digit of 1292?
2
What is the units digit of 1203?
3
What is the units digit of 41?
1
What is the tens digit of 2037?
3
What is the tens digit of 26122?
2
What is the ten thousands digit of 16066?
1
What is the thousands digit of 45755?
5
What is the hundreds digit of 4106?
1
What is the tens digit of 3593?
9
What is the tens digit of 68234?
3
What is the tens digit of 227?
2
What is the ten thousands digit of 23598?
2
What is the ten thousands digit of 14877?
1
What is the units digit of 8982?
2
What is the tens digit of 730?
3
What is the tens digit of 2552?
5
What is the hundred